by 138?
103
Calculate the remainder when 37919 is divided by 116.
103
What is the remainder when 2839 is divided by 704?
23
Calculate the remainder when 1693065 is divided by 39.
36
What is the remainder when 439017 is divided by 7?
5
What is the remainder when 88488 is divided by 4424?
8
Calculate the remainder when 50158 is divided by 528.
526
What is the remainder when 4679 is divided by 54?
35
Calculate the remainder when 548 is divided by 25.
23
Calculate the remainder when 4218555 is divided by 64.
59
Calculate the remainder when 966021 is divided by 2231.
2229
What is the remainder when 1075 is divided by 90?
85
What is the remainder when 1165 is divided by 448?
269
What is the remainder when 155546 is divided by 3?
2
What is the remainder when 20195 is divided by 6714?
53
Calculate the remainder when 59807 is divided by 8539.
34
Calculate the remainder when 22798 is divided by 4559.
3
What is the remainder when 580937 is divided by 147?
140
What is the remainder when 33678 is divided by 31?
12
What is the remainder when 6367 is divided by 424?
7
What is the remainder when 503 is divided by 4?
3
Calculate the remainder when 44442 is divided by 694.
26
Calculate the remainder when 748941 is divided by 92.
61
Calculate the remainder when 8870 is divided by 72.
14
Calculate the remainder when 15 is divided by 5.
0
Calculate the remainder when 459 is divided by 53.
35
What is the remainder when 284848 is divided by 2006?
2002
What is the remainder when 68877 is divided by 240?
237
What is the remainder when 104056 is divided by 123?
121
Calculate the remainder when 5315 is divided by 56.
51
What is the remainder when 26627 is divided by 84?
83
What is the remainder when 573 is divided by 562?
11
What is the remainder when 14590 is divided by 228?
226
Calculate the remainder when 166642 is divided by 2644.
70
Calculate the remainder when 26323 is divided by 2024.
11
Calculate the remainder when 8277 is divided by 530.
327
Calculate the remainder when 38047 is divided by 485.
217
What is the remainder when 51982 is divided by 12991?
18
Calculate the remainder when 556003 is divided by 1782.
19
Calculate the remainder when 72660 is divided by 275.
60
What is the remainder when 446658 is divided by 46?
44
Calculate the remainder when 35464 is divided by 88.
0
Calculate the remainder when 171118 is divided by 3888.
46
Calculate the remainder when 6304 is divided by 118.
50
Calculate the remainder when 8591 is divided by 33.
11
Calculate the remainder when 72773 is divided by 355.
353
What is the remainder when 35127 is divided by 43?
39
What is the remainder when 5255 is divided by 831?
269
Calculate the remainder when 24909 is divided by 24894.
15
What is the remainder when 1544493 is divided by 23?
20
What is the remainder when 21672 is divided by 10817?
38
What is the remainder when 216949 is divided by 21694?
9
Calculate the remainder when 855 is divided by 835.
20
Calculate the remainder when 61993 is divided by 108.
1
What is the remainder when 3378 is divided by 44?
34
Calculate the remainder when 798 is divided by 269.
260
Calculate the remainder when 511076 is divided by 30.
26
What is the remainder when 523055 is divided by 523041?
14
What is the remainder when 66005 is divided by 449?
2
What is the remainder when 1335 is divided by 217?
33
Calculate the remainder when 14891 is divided by 34.
33
What is the remainder when 2154 is divided by 10?
4
Calculate the remainder when 2455 is divided by 28.
19
What is the remainder when 377275 is divided by 125749?
28
What is the remainder when 6923 is divided by 130?
33
Calculate the remainder when 5059 is divided by 360.
19
Calculate the remainder when 5528 is divided by 173.
165
Calculate the remainder when 331839 is divided by 723.
705
Calculate the remainder when 1824 is divided by 359.
29
What is the remainder when 425960 is divided by 1327?
1320
What is the remainder when 99162 is divided by 28?
14
Calculate the remainder when 57031 is divided by 2851.
11
What is the remainder when 6225 is divided by 621?
15
Calculate the remainder when 6346 is divided by 176.
10
What is the remainder when 890 is divided by 107?
34
What is the remainder when 469 is divided by 52?
1
Calculate the remainder when 17195 is divided by 193.
18
What is the remainder when 1902 is divided by 495?
417
Calculate the remainder when 1149 is divided by 354.
87
What is the remainder when 62190 is divided by 356?
246
What is the remainder when 8050 is divided by 146?
20
Calculate the remainder when 109378 is divided by 20.
18
Calculate the remainder when 2029 is divided by 1001.
27
What is the remainder when 9257 is divided by 21?
17
What is the remainder when 2284 is divided by 325?
9
Calculate the remainder when 476086 is divided by 476078.
8
Calculate the remainder when 7351 is divided by 153.
7
What is the remainder when 337764 is divided by 6?
0
What is the remainder when 1693 is divided by 185?
28
Calculate the remainder when 78808 is divided by 229.
32
What is the remainder when 32300 is divided by 1538?
2
Calculate the remainder when 1090524 is divided by 1618.
1610
What is the remainder when 13154 is divided by 303?
125
What is the remainder when 1661 is divided by 706?
249
What is the remainder when 199034 is divided by 78?
56
What is the remainder when 75342 is divided by 277?
275
What is the remainder when 20014 is divided by 1537?
33
What is the remainder when 1902 is divided by 1888?
14
What is the remainder when 13297 is divided by 740?
717
Calculate the remainder when 8900 is divided by 91.
73
What is the remainder when 1131 is divided by 73?
36
What is the remainder when 30806 is divided by 2369?
9
What is the remainder when 29218 is divided by 792?
706
Calculate the remainder when 3498 is divided by 48.
42
Calculate the remainder when 62642 is divided by 645.
77
What is the remainder when 188137 is divided by 26872?
33
Calculate the remainder when 1179 is divided by 891.
288
Calculate the remainder when 62913 is divided by 8.
1
Calculate the remainder when 1011 is divided by 678.
333
What is the remainder when 46646 is divided by 109?
103
Calculate the remainder when 168493 is divided by 24066.
31
Calculate the remainder when 6969 is divided by 14.
11
Calculate the remainder when 31241 is divided by 52.
41
Calculate the remainder when 16024 is divided by 167.
159
Calculate the remainder when 4165624 is divided by 25.
24
Calculate the remainder when 1370 is divided by 115.
105
What is the remainder when 11932 is divided by 49?
25
Calculate the remainder when 6553 is divided by 2142.
127
What is the remainder when 1807 is divided by 16?
15
Calculate the remainder when 21558 is divided by 2979.
705
Calculate the remainder when 13709 is divided by 3413.
57
What is the remainder when 4779 is divided by 17?
2
Calculate the remainder when 98457 is divided by 32811.
24
Calculate the remainder when 5351 is divided by 1780.
11
Calculate the remainder when 8210 is divided by 744.
26
What is the remainder when 6175 is divided by 287?
148
Calculate the remainder when 62645 is divided by 62641.
4
What is the remainder when 79032 is divided by 988?
980
Calculate the remainder when 43647 is divided by 438.
285
What is the remainder when 6971 is divided by 6598?
373
Calculate the remainder when 22684 is divided by 221.
142
What is the remainder when 399562 is divided by 884?
878
Calculate the remainder when 901933 is divided by 453.
10
Calculate the remainder when 3537522 is divided by 467.
464
What is the remainder when 401417 is divided by 100353?
5
What is the remainder when 389710 is divided by 138?
136
Calculate the remainder when 129671 is divided by 6.
5
What is the remainder when 663194 is divided by 247?
246
What is the remainder when 89387 is divided by 5?
2
What is the remainder when 531933 is divided by 291?
276
Calculate the remainder when 3195 is divided by 730.
275
What is the remainder when 2669 is divided by 1303?
63
Calculate the remainder when 453596 is divided by 479.
462
What is the remainder when 9701 is divided by 1203?
77
Calculate the remainder when 507652 is divided by 1106.
1104
Calculate the remainder when 757965 is divided by 151582.
55
Calculate the remainder when 1097 is divided by 12